{"id":347,"date":"2024-06-13T17:57:37","date_gmt":"2024-06-13T17:57:37","guid":{"rendered":"https:\/\/joviflex.pt\/saludis\/?post_type=product&#038;p=347"},"modified":"2026-01-05T17:20:47","modified_gmt":"2026-01-05T17:20:47","slug":"gelfresh","status":"publish","type":"product","link":"https:\/\/joviflex.pt\/saludis\/produto\/gelfresh\/","title":{"rendered":"Gelfresh"},"content":{"rendered":"<h1 style=\"text-align: center;\">A frescura do viscogel<\/h1>\n<p>O modelo SALUDIS Gelfresh, de firmeza alta, \u00e9 composto por uma estrutura ortop\u00e9dica de mola bonnel, sistema extra conforto e, no seu enchimento, conta com espuma viscogel termo regul\u00e1vel e de mem\u00f3ria, com acabamento em tecido strech de alta qualidade, com faixa decorativa em tecido premium.<\/p>\n<p><img decoding=\"async\" class=\"aligncenter\" src=\"https:\/\/joviflex.pt\/saludis\/wp-content\/uploads\/2024\/06\/saludis_gelfresh_camadas.jpg\" alt=\"Colch\u00e3o Saludis Gelfresh\" \/><\/p>\n<p><img decoding=\"async\" class=\"aligncenter\" src=\"https:\/\/joviflex.pt\/saludis\/wp-content\/uploads\/2024\/06\/saludis_gelfresh_icones.jpg\" alt=\"Colch\u00e3o Saludis Gelfresh\" \/><\/p>\n","protected":false},"excerpt":{"rendered":"<p>Carca\u00e7a de mola bonnel sistema ortop\u00e9dico com viscogel termo regul\u00e1vel de mem\u00f3ria e tecido strech de alta qualidade.<\/p>\n<p><strong>campanha v\u00e1lida de 01\/01\/2026 a 30\/06\/2026<\/strong><\/p>\n<p><img decoding=\"async\" src=\"https:\/\/joviflex.pt\/saludis\/wp-content\/uploads\/2024\/06\/saludis_gelfresh_ambientepromo.jpg\" alt=\"Colch\u00e3o Saludis Gelfresh\" \/><\/p>\n<p><strong>mola bonnel sistema ortop\u00e9dico | viscogel | lateral decorativa | modelo revers\u00edvel<\/strong><\/p>\n","protected":false},"featured_media":358,"template":"","meta":[],"product_brand":[],"product_cat":[17],"product_tag":[],"class_list":{"0":"post-347","1":"product","2":"type-product","3":"status-publish","4":"has-post-thumbnail","6":"product_cat-colchoes","8":"entry","9":"has-media","11":"first","12":"instock","13":"sale","14":"shipping-taxable","15":"purchasable","16":"product-type-variable","17":"has-product-nav","18":"col","19":"span_1_of_3","20":"owp-content-center","21":"owp-thumbs-layout-horizontal","22":"owp-btn-normal","23":"owp-tabs-layout-horizontal"},"_links":{"self":[{"href":"https:\/\/joviflex.pt\/saludis\/wp-json\/wp\/v2\/product\/347","targetHints":{"allow":["GET"]}}],"collection":[{"href":"https:\/\/joviflex.pt\/saludis\/wp-json\/wp\/v2\/product"}],"about":[{"href":"https:\/\/joviflex.pt\/saludis\/wp-json\/wp\/v2\/types\/product"}],"wp:featuredmedia":[{"embeddable":true,"href":"https:\/\/joviflex.pt\/saludis\/wp-json\/wp\/v2\/media\/358"}],"wp:attachment":[{"href":"https:\/\/joviflex.pt\/saludis\/wp-json\/wp\/v2\/media?parent=347"}],"wp:term":[{"taxonomy":"product_brand","embeddable":true,"href":"https:\/\/joviflex.pt\/saludis\/wp-json\/wp\/v2\/product_brand?post=347"},{"taxonomy":"product_cat","embeddable":true,"href":"https:\/\/joviflex.pt\/saludis\/wp-json\/wp\/v2\/product_cat?post=347"},{"taxonomy":"product_tag","embeddable":true,"href":"https:\/\/joviflex.pt\/saludis\/wp-json\/wp\/v2\/product_tag?post=347"}],"curies":[{"name":"wp","href":"https:\/\/api.w.org\/{rel}","templated":true}]}}